*z - 3*z**2 - z**3 + 3 - y + 21*z. Determine c(-2).
-2
Let u(a) = -53*a + 99*a - 85*a**2 - 3 - 61*a + 84*a**2. Calculate u(0).
-3
Let y(t) = -7 + 8*t + 6 + 2*t**3 - t**2 - 5*t. Determine y(2).
17
Let m(u) = -u - 3. Let q(v) = 4*v + 12. Let i(o) = 3*m(o) + q(o). Let h(r) = 4*r**3 - r**2 - r + 1. Let f be h(1). Suppose -z - f = 2. Determine i(z).
-2
Let n(u) = 11*u + 10*u - 21*u + 5*u - 16. What is n(3)?
-1
Let r(s) = -128 - 125 + 269 - s. Determine r(13).
3
Let d(f) = f**2 + 23*f - 18. Let s be d(-24). Let v(r) = r. Determine v(s).
6
Let b(c) = 14 - 17 + 5*c**2 + 3 + 5*c + c**3 + 3. Determine b(-2).
5
Suppose 0*s = 2*s - 8, 3*s + 3 = 5*o. Let v(p) = -2*p**3 - o*p**2 - 2*p**2 + p + 1 + p**3. Give v(-5).
-4
Let g(s) be the first derivative of 3/2*s**2 + 1 + 7*s. Let m(y) = 6*y + 1. Let p be m(-1). Calculate g(p).
-8
Let a(c) = 8 - c + 11*c**3 - 7*c**2 - 12*c**3 - 1 - 5*c. Suppose -o + 74 = 5*k, -2*k + 3*o + 28 = 5*o. Let g = k - 21. Calculate a(g).
7
Let a(v) = -16*v - 4. Let f be a(-2). Let g be (-51)/(-21) - (1 - 16/f). Let k(l) = -5*l + 2. Give k(g).
-8
Let j(a) = 7*a**2 + 4*a - 5. Let w(k) = 20*k**2 + 11*k - 13. Let o(t) = -8*j(t) + 3*w(t). Give o(-1).
4
Let f(i) = 4*i + 3. Suppose 10*v = 6*v - 80. Let d = -23 - v. Calculate f(d).
-9
Let b(t) = -14*t - 1. Let j(v) = 3*v**2 - 55*v + 20. Let n be j(18). Give b(n).
-29
Let u be (-700)/112 - 1/(-4). Let s(l) = -l**2 - 6*l + 1. Determine s(u).
1
Let l(s) be the first derivative of -2*s**3/3 - 3*s**2/2 - 2*s - 78. What is l(-1)?
-1
Let m(r) = -2*r. Let y be m(3). Let k(u) = 2*u**2 + 3*u - 4. Let z be k(2). Let v(t) = z*t**2 + 9*t + 4*t**2 - 19*t**2 + 8 - t**3. What is v(y)?
-10
Let y(h) = h**3 - 2*h**2 + 1. Let k be ((-108)/(-243))/((-3)/((-81)/6)). What is y(k)?
1
Let z = 8 - 12. Let j be (4/(-4))/((-1)/2). Let t(l) = -2 - j*l**2 - 6*l + 1 - 4. Give t(z).
-13
Let m(u) = -2*u - 4. Let i(c) = 4*c + 8. Let x(f) = -4*i(f) - 9*m(f). Let z(y) = -y**3 + 2*y - 2. Let r be z(4). Let v = 63 + r. Give x(v).
14
Let s(c) = 9*c - 420. Let w be s(47). Let x(q) be the third derivative of -1/6*q**w - 7/24*q**4 - 11*q**2 + 0*q + 0. Calculate x(1).
-8
Suppose 5*t + 25 = -0*t + 3*j, j + 5 = -t. Let k(i) = -i**3 - 5*i**2 + i + 2. Give k(t).
-3
Let s = 13 + -11. Let a be (-4 - 5) + s - -1. Let w(u) = -u**2 - 8*u - 8. Give w(a).
4
Let i(o) = -15*o - 163 + 500 + 6*o - 166 - 167. Determine i(2).
-14
Let v(m) = m**3 + 12*m**2 + 12*m - 14. Suppose 993 = -33*n + 630. Calculate v(n).
-25
Let m be (12/(-15))/((-4)/(-60)). Let l(w) = 2*w + 26. Let t be l(m). Suppose -5*j + t = o + 8, o = j. Let n(v) = 5*v**2 - v - 1. Give n(o).
5
Let n(w) = w**3 + 4*w**2 + 5. Let u = -2 - -7. Suppose 0*g - 130 = -u*g. Let c = 22 - g. Determine n(c).
5
Suppose 0 = -3*o + 16 + 8. Suppose -o = -4*a - 16. Let t be 12/(-21)*7/a. Let x(m) = m + 2. Give x(t).
4
Let d(j) = -j**2 + j**3 - 65 + 2706*j - 1357*j + 0*j**2 - 1350*j. Determine d(0).
-65
Let b(x) = 3*x**3 - x**2 - 1. Let n(f) = -4*f**3 + 15*f**2 - 11*f - 2. Let r(u) = -b(u) - n(u). Calculate r(13).
-23
Suppose 0 = s - 3, -5*t - 2*s + 24 = -12. Suppose b = 2*b - t. Let p(z) = -z**3 + 5*z**2 + 6*z - 2. Let u be p(b). Let c(h) = -3*h - 1. What is c(u)?
5
Let j(k) be the second derivative of k**3/3 + 182*k. Let v = -5 + 9. Calculate j(v).
8
Suppose -3*i = -12, 0*m - m = 4*i - 16. Suppose 5*h + 0 - 35 = m. Let s(x) = x - 10. Give s(h).
-3
Let i(t) = -35 - 32 - t**2 + 142 - 5*t - 33 - 35. What is i(5)?
-43
Let y(h) = -66*h + 135*h - 9 - 68*h. Calculate y(11).
2
Let a(b) be the first derivative of -3/2*b**2 - 1/4*b**4 + 5*b - 2*b**3 + 6. Let g(y) = -y**2 + 9*y + 5. Let k be g(10). Give a(k).
-5
Let r(f) = -f**2 + 11*f - 17. Let a be (-230)/92 - 23/(-2). Determine r(a).
1
Let v(k) = -2*k**3 - k**2 + k - 1. Let n be 7/(-35) + 2/10. Suppose -3*w + 5*w - 2 = n. Determine v(w).
-3
Suppose 10*p - 32 + 122 = 0. Let h(m) = -m**3 - 7*m**2 + 18*m - 4. Give h(p).
-4
Let s(v) = -v**2 + 0*v**2 - 1062*v + 2 + 1063*v. Calculate s(0).
2
Let k(p) = -p**3 - 12*p**2 + 12*p - 15. Suppose 5*r + 2*g + 67 = 0, -r - 2*r = 5*g + 44. Give k(r).
-2
Let r(l) = -7*l - 3 + 9*l + 2*l. Let a(k) = 8*k - 7. Let p(m) = -2*a(m) + 5*r(m). Give p(-1).
-5
Let y(o) = -o + 1. Let j be (9/36)/((-2)/(-24)). Suppose 4*r - 3*r - 41 = -5*d, -j*r = 2*d - 19. Determine y(d).
-7
Suppose 0 = -7*v - 224 + 161. Let n(z) = -z**3 - 9*z**2 + 5*z + 4. Calculate n(v).
-41
Let s(d) = -2*d**2 + 4*d**2 - 6*d**3 + 5*d**3 + 3*d**2 - 3. Let z(u) = 2*u - 6. Let y be z(8). Let r be (2/2)/(2/y). Calculate s(r).
-3
Let i = -990 + 995. Let w(k) be the second derivative of k**4/12 - k**3/3 + k**2/2 + k. Let o(t) be the first derivative of w(t). Calculate o(i).
8
Let q(d) be the first derivative of -d**3/3 - d**2/2 + d + 1. Suppose 0 = 11*m - 2*m - 153. Let r = -15 + m. Calculate q(r).
-5
Let y(h) = 6*h + 8. Let v(d) = d + 1. Let p(c) = 21*v(c) - 3*y(c). Let f be (3 - 1)/((-2)/(-5)). Suppose -6 - 4 = -f*m. What is p(m)?
3
Let c(b) = 5*b**2 + 4 - 6*b - 6*b**2 - 8. Suppose 0 = -a + 136 - 139. Determine c(a).
5
Let l = -76 - -84. Suppose -3*h = -6*h - 12. Let s be 25/h - (-2)/l. Let f(w) = w**3 + 6*w**2 - w - 5. Give f(s).
1
Let v(y) = -y**2 - 5*y - 7. Let i = -560 + 556. Calculate v(i).
-3
Let u(n) be the second derivative of 2*n - 1/6*n**3 + 0 - 7/2*n**2 - 1/120*n**6 + 1/10*n**5 - 5/24*n**4. Let a(c) be the first derivative of u(c). Give a(5).
-1
Let c(w) = w**3 - w**2 - 2. Let a be c(0). Let x(n) = 4 - 4 - 5*n. Give x(a).
10
Suppose 0 = -t - 1 + 5. Let b(h) = -3*h**3 + 2*h**2 - 2. Let x(o) = 10*o**3 - 5*o**2 + o + 7. Let s(p) = -7*b(p) - 2*x(p). What is s(t)?
-8
Let w(u) be the first derivative of 7*u**2/2 - 4*u - 404. What is w(7)?
45
Let y(c) be the third derivative of -1/12*c**5 + 1/120*c**6 + 0 + 6*c**2 - 2/3*c**3 + 1/4*c**4 + 0*c. Let r = 7 - 3. What is y(r)?
4
Let r be -6 + 1 + (-9)/3. Let l be (-11)/(-44) + (-22)/r. Let k(b) = -b**2 + 6*b**l + 8*b**3 + 10*b**3 - b - 9*b**3. Give k(-1).
-15
Let h(u) = u**2 - 7*u + 2. Suppose -10*c = -7*c - 2*b - 10, -15 = 4*c + 3*b. Suppose c = -23*p + 31 + 84. Give h(p).
-8
Suppose -6*d - 8*d = -70. Let l(i) = -i**2 + 5. What is l(d)?
-20
Let u(d) = -4 + 1 + 19*d - 4 - 16*d. Suppose -5*a + 28 - 3 = 0. What is u(a)?
8
Let y(f) = -3*f**3 + f**2 - 2*f + 1. Let u(b) = -16*b**3 + 11*b**2 - 12*b + 24. Let g(r) = -u(r) + 5*y(r). What is g(6)?
-7
Let c(t) = -2*t + 2. Let w be 76/(-114)*30/(-4). What is c(w)?
-8
Let s(m) = 9*m**2. Suppose 18*l = 9*l - 9. What is s(l)?
9
Let p(g) be the third derivative of -5*g**4/24 + 16*g**3/3 + 41*g**2. Determine p(8).
-8
Suppose 0 = 5*j + 20, -21*j - 24 = 4*t - 22*j. Let p(b) = b + 14. What is p(t)?
7
Let q(s) = -s**3 + s**2 + s + 3. Let a be (52/8)/(4/8). Let z = 13 - a. Suppose z = 4*v - 3*d + 3, v + 2*d = -2 + 4. Determine q(v).
3
Let v(h) = 7*h. Suppose 0 = 28*z - 23*z + 5*x - 45, 3*z - 23 = -x. Calculate v(z).
49
Let h(a) be the first derivative of a**3/3 + 5*a**2/2 - 3*a - 60. Let y(w) = w + 2. Let z be y(-7). What is h(z)?
-3
Let l(c) = c**3 + 4*c**2 - 2 + 0*c**2 + 0*c**3 - 3*c**2 - 5*c. Let o be l(-3). Let n = 6 + o. Let d(s) = 5*s + 1. Calculate d(n).
6
Let b(r) = -r**3 + 6*r**2 - 3*r - 1. Let w = 306 - 303. What is b(w)?
17
Let m(a) = -239 + 237 - a - 3*a. Suppose -5*r = 2*y - 8, r - 3*y = -r + 7. Give m(r).
-10
Let o(s) = -s + 2. Let x(f) = 1. Let b(t) = o(t) - 3*x(t). Let m be (480/9)/(-4)*3. Let c = -47 - m. Determine b(c).
6
Let i(d) = -2*d**2. Suppose 2*f + 4 + 6 = 0. Let z = 2 - f. Suppose -3*g + z = 4. What is i(g)?
-2
Suppose 4*c = -p - c + 17, -3*p - 13 = -c. Let b(d) = d**2 + 4*d - 1. Determine b(p).
-4
Let b(f) be the second derivative of 1/20*f**5 + 0 + 1/2*f**4 - 4*f**2 - 1/3*f**3 - 14*f. Determine b(-6).
4
Let h be 3/7 + (-273)/(-49). Let r be h*-1*8/(-24). Suppose 3 = -n + r*n. Let y(s) = -s**3 + 2*s**2 + 4*s + 1. What is y(n)?
4
Let p(r) = 0 - 19*r**3 + 1 + 21*r**3 + 3*r**2 - 4*r**2. Give p(-2).
-19
Let b = 2 - -2. Suppose 7 + 49 = b*i. Suppose -3*x = -2 + i. Let c(p) = -p**3 - 4*p**2 + p + 3. Calculate c(x).
-1
Let z = 31 - 34. Let g be (1/z)/((-22)/132). Let b(r) = -5 + 3*r + g - 1 - 2. Determine b(4).
6
Let n(x) be the third derivative of x**5/60 - x**4/24 + 5*x**3/2 + 93*x**2. Give n(0).
15
Let a(k) be the first derivative of -1/4*k**4 + 4/3*k**3 + 10 + 0*k + 1/2*k**